{"id":267,"date":"2021-05-06T16:46:59","date_gmt":"2021-05-06T14:46:59","guid":{"rendered":"https:\/\/ateliersducasse.fr\/?page_id=267"},"modified":"2021-06-10T15:25:58","modified_gmt":"2021-06-10T13:25:58","slug":"systemebel","status":"publish","type":"page","link":"https:\/\/ateliersducasse.fr\/index.php\/systemebel\/","title":{"rendered":"Le syst\u00e8me belge"},"content":{"rendered":"\t\t<div data-elementor-type=\"wp-page\" data-elementor-id=\"267\" class=\"elementor elementor-267\" data-elementor-settings=\"[]\">\n\t\t\t\t\t\t\t<div class=\"elementor-section-wrap\">\n\t\t\t\t\t\t\t<section class=\"elementor-section elementor-top-section elementor-element elementor-element-51974cb elementor-section-stretched elementor-section-boxed elementor-section-height-default elementor-section-height-default\" data-id=\"51974cb\" data-element_type=\"section\" data-settings=\"{&quot;stretch_section&quot;:&quot;section-stretched&quot;}\">\n\t\t\t\t\t\t<div class=\"elementor-container elementor-column-gap-default\">\n\t\t\t\t\t<div class=\"elementor-column elementor-col-50 elementor-top-column elementor-element elementor-element-c9ee42e\" data-id=\"c9ee42e\" data-element_type=\"column\">\n\t\t\t<div class=\"elementor-widget-wrap elementor-element-populated\">\n\t\t\t\t\t\t\t\t<div class=\"elementor-element elementor-element-1413789 elementor-widget elementor-widget-image\" data-id=\"1413789\" data-element_type=\"widget\" data-widget_type=\"image.default\">\n\t\t\t\t<div class=\"elementor-widget-container\">\n\t\t\t\t\t\t\t\t\t\t\t\t\t\t\t<img loading=\"lazy\" decoding=\"async\" width=\"848\" height=\"1024\" src=\"https:\/\/ateliersducasse.fr\/wp-content\/uploads\/2021\/05\/IMG_0816-848x1024.jpg\" class=\"attachment-large size-large\" alt=\"\" srcset=\"https:\/\/ateliersducasse.fr\/wp-content\/uploads\/2021\/05\/IMG_0816-848x1024.jpg 848w, https:\/\/ateliersducasse.fr\/wp-content\/uploads\/2021\/05\/IMG_0816-248x300.jpg 248w, https:\/\/ateliersducasse.fr\/wp-content\/uploads\/2021\/05\/IMG_0816-768x928.jpg 768w, https:\/\/ateliersducasse.fr\/wp-content\/uploads\/2021\/05\/IMG_0816-1272x1536.jpg 1272w, https:\/\/ateliersducasse.fr\/wp-content\/uploads\/2021\/05\/IMG_0816-1696x2048.jpg 1696w\" sizes=\"(max-width: 848px) 100vw, 848px\" \/>\t\t\t\t\t\t\t\t\t\t\t\t\t\t\t<\/div>\n\t\t\t\t<\/div>\n\t\t\t\t\t<\/div>\n\t\t<\/div>\n\t\t\t\t<div class=\"elementor-column elementor-col-50 elementor-top-column elementor-element elementor-element-94f8761\" data-id=\"94f8761\" data-element_type=\"column\">\n\t\t\t<div class=\"elementor-widget-wrap elementor-element-populated\">\n\t\t\t\t\t\t\t\t<div class=\"elementor-element elementor-element-cda2fb8 elementor-widget elementor-widget-text-editor\" data-id=\"cda2fb8\" data-element_type=\"widget\" data-widget_type=\"text-editor.default\">\n\t\t\t\t<div class=\"elementor-widget-container\">\n\t\t\t\t\t\t\t\t<h2><strong>Le basson Belge, cl\u00e9tage Allemand\u00a0<\/strong><\/h2><h4><span style=\"text-decoration: underline;\"><strong>Conception et r\u00e9alisation : Philippe Hanon et Yannick Ducasse<\/strong><\/span><\/h4><p>\u00a0<\/p><p>Cet instrument de perce fran\u00e7aise, cl\u00e9tage allemand en palissandre est destin\u00e9 aux professionnels.\u00a0<\/p><p>La perce c\u00f4t\u00e9 petite branche, et petit c\u00f4t\u00e9 culasse est doubl\u00e9e en injections de r\u00e9sine.<\/p><p>Le cl\u00e9tage est en maillechort argent\u00e9 <em>(autre finition sur demande)<\/em>.\u00a0<\/p><p>Bocal en laiton, finition argent\u00e9.<\/p><p>Option possible : Doublure Sol# &#8211; culasse&#8230; <em>(nous consulter)<\/em><\/p><p><strong>-&gt; Le basson professionnel est livr\u00e9 en \u00e9tui avec harnais et \u00e9couvillon.\u00a0<\/strong><\/p>\t\t\t\t\t\t<\/div>\n\t\t\t\t<\/div>\n\t\t\t\t\t<\/div>\n\t\t<\/div>\n\t\t\t\t\t\t\t<\/div>\n\t\t<\/section>\n\t\t\t\t<section class=\"elementor-section elementor-top-section elementor-element elementor-element-47810eb elementor-section-stretched elementor-section-boxed elementor-section-height-default elementor-section-height-default\" data-id=\"47810eb\" data-element_type=\"section\" data-settings=\"{&quot;stretch_section&quot;:&quot;section-stretched&quot;}\">\n\t\t\t\t\t\t<div class=\"elementor-container elementor-column-gap-default\">\n\t\t\t\t\t<div class=\"elementor-column elementor-col-100 elementor-top-column elementor-element elementor-element-3c7e412\" data-id=\"3c7e412\" data-element_type=\"column\">\n\t\t\t<div class=\"elementor-widget-wrap elementor-element-populated\">\n\t\t\t\t\t\t\t\t<div class=\"elementor-element elementor-element-1c4464c elementor-align-right elementor-widget elementor-widget-button\" data-id=\"1c4464c\" data-element_type=\"widget\" data-widget_type=\"button.default\">\n\t\t\t\t<div class=\"elementor-widget-container\">\n\t\t\t\t\t<div class=\"elementor-button-wrapper\">\n\t\t\t<a href=\"https:\/\/ateliersducasse.fr\/index.php\/les-instruments\/\" class=\"elementor-button-link elementor-button elementor-size-sm\" role=\"button\">\n\t\t\t\t\t\t<span class=\"elementor-button-content-wrapper\">\n\t\t\t\t\t\t<span class=\"elementor-button-text\">Retour aux instruments<\/span>\n\t\t<\/span>\n\t\t\t\t\t<\/a>\n\t\t<\/div>\n\t\t\t\t<\/div>\n\t\t\t\t<\/div>\n\t\t\t\t\t<\/div>\n\t\t<\/div>\n\t\t\t\t\t\t\t<\/div>\n\t\t<\/section>\n\t\t\t\t\t\t<\/div>\n\t\t\t\t\t<\/div>\n\t\t","protected":false},"excerpt":{"rendered":"<p>Le basson Belge, cl\u00e9tage Allemand\u00a0 Conception et r\u00e9alisation : Philippe Hanon et Yannick Ducasse \u00a0 Cet instrument de perce fran\u00e7aise, cl\u00e9tage allemand en palissandre est destin\u00e9 aux professionnels.\u00a0 La perce c\u00f4t\u00e9 petite branche, et petit c\u00f4t\u00e9 culasse est doubl\u00e9e en injections de r\u00e9sine. Le cl\u00e9tage est en maillechort argent\u00e9 (autre finition sur demande).\u00a0 Bocal en [&hellip;]<\/p>\n","protected":false},"author":1,"featured_media":160,"parent":0,"menu_order":0,"comment_status":"closed","ping_status":"closed","template":"","meta":{"footnotes":""},"_links":{"self":[{"href":"https:\/\/ateliersducasse.fr\/index.php\/wp-json\/wp\/v2\/pages\/267"}],"collection":[{"href":"https:\/\/ateliersducasse.fr\/index.php\/wp-json\/wp\/v2\/pages"}],"about":[{"href":"https:\/\/ateliersducasse.fr\/index.php\/wp-json\/wp\/v2\/types\/page"}],"author":[{"embeddable":true,"href":"https:\/\/ateliersducasse.fr\/index.php\/wp-json\/wp\/v2\/users\/1"}],"replies":[{"embeddable":true,"href":"https:\/\/ateliersducasse.fr\/index.php\/wp-json\/wp\/v2\/comments?post=267"}],"version-history":[{"count":20,"href":"https:\/\/ateliersducasse.fr\/index.php\/wp-json\/wp\/v2\/pages\/267\/revisions"}],"predecessor-version":[{"id":557,"href":"https:\/\/ateliersducasse.fr\/index.php\/wp-json\/wp\/v2\/pages\/267\/revisions\/557"}],"wp:featuredmedia":[{"embeddable":true,"href":"https:\/\/ateliersducasse.fr\/index.php\/wp-json\/wp\/v2\/media\/160"}],"wp:attachment":[{"href":"https:\/\/ateliersducasse.fr\/index.php\/wp-json\/wp\/v2\/media?parent=267"}],"curies":[{"name":"wp","href":"https:\/\/api.w.org\/{rel}","templated":true}]}}